32?
1253205
In base 6, what is 0 + 1415335320?
1415335320
In base 12, what is 754531 - 9?
754524
In base 8, what is -165704313 + -4?
-165704317
In base 15, what is 73 + 9b4a?
9bbd
In base 2, what is -110001 - -10111011110110110101?
10111011110110000100
In base 6, what is 1022203542 + -204?
1022203334
In base 10, what is -5423509 + 13?
-5423496
In base 4, what is 3001 + -21230322?
-21221321
In base 6, what is 30203002141 - -5?
30203002150
In base 12, what is -15 + -424a3a?
-424a53
In base 2, what is -11101000000000 + -1110010010111?
-101011010010111
In base 8, what is 24133244 + -12?
24133232
In base 10, what is 106221868 - 2?
106221866
In base 4, what is 1 + 1210110021100?
1210110021101
In base 14, what is b9dc2 - 124?
b9c9c
In base 12, what is 132b3 + -1b14?
1139b
In base 7, what is -662 - 1651?
-2643
In base 16, what is -7792 + 4?
-778e
In base 5, what is 1340433 - 240034?
1100344
In base 3, what is -11021222 + 10010220?
-1011002
In base 16, what is -5 + -f0d50f?
-f0d514
In base 4, what is -1022102 - 1221301?
-2310003
In base 11, what is -109 + 1a78913?
1a78805
In base 16, what is -15 - -6498e?
64979
In base 3, what is 2211212 + 2122010022?
2201222011
In base 3, what is 2211201212220 + 1012021?
2211210002011
In base 15, what is 5a6059 + 14?
5a606d
In base 9, what is 7 - 873008?
-873001
In base 9, what is 7473 - 8682?
-1208
In base 16, what is 6 + -7934?
-792e
In base 8, what is -47 - 47244437?
-47244506
In base 5, what is -4 + -443210133?
-443210142
In base 11, what is 1a8 - 21288?
-21090
In base 14, what is 103 - -24559?
2465c
In base 5, what is 3 + -2011100030?
-2011100022
In base 13, what is -20b6778 - -13?
-20b6765
In base 10, what is -349400263 - -4?
-349400259
In base 2, what is -11110100111000 + -1000?
-11110101000000
In base 7, what is 13530063 + 61?
13530154
In base 5, what is 1412 - 11313134?
-11311222
In base 8, what is -1346 + 3404067?
3402521
In base 10, what is 3721856 - 6?
3721850
In base 5, what is 323120243 - 1?
323120242
In base 2, what is -100100110011001101111011000 - 101?
-100100110011001101111011101
In base 6, what is -2022030214 - -3?
-2022030211
In base 15, what is -53ca + 21dd?
-31dc
In base 10, what is -839377 - 425?
-839802
In base 12, what is 221457 + -5?
221452
In base 7, what is 23623514 - -1123?
23624640
In base 8, what is -3 + -142243022?
-142243025
In base 5, what is 4432401420 + 0?
4432401420
In base 9, what is 3 + -5122087?
-5122084
In base 10, what is -1118 - 350541?
-351659
In base 2, what is 100000011101111010000001 + 11?
100000011101111010000100
In base 10, what is 375 + -12153?
-11778
In base 4, what is -22032013 - 132?
-22032211
In base 15, what is 3 - -15045b96?
15045b99
In base 14, what is -207dcd - -5?
-207dc8
In base 14, what is -430 - 1dca0?
-202d0
In base 13, what is -1972992 - -73?
-197291c
In base 6, what is 530552 + 1001?
531553
In base 9, what is 354 - 218857?
-218503
In base 16, what is af2 - 91b?
1d7
In base 7, what is 1326255 - 216?
1326036
In base 3, what is 12112202 + 2211002?
22100211
In base 11, what is -4 + -8874049?
-8874052
In base 13, what is 3b24 - -a0?
3bc4
In base 5, what is -301324 - 3043?
-304422
In base 8, what is -23 + 241305?
241262
In base 15, what is 4 + -19ce022?
-19ce01d
In base 5, what is 2221301 - -30?
2221331
In base 15, what is 41c105 + -14?
41c0e1
In base 11, what is 1 - -10264a77?
10264a78
In base 15, what is 42c784 + 2?
42c786
In base 10, what is -772026 + 14?
-772012
In base 5, what is -13320 + -122310?
-141130
In base 14, what is -2c691 - 248?
-2c8d9
In base 15, what is -123cac8 + -2c?
-123cb05
In base 10, what is -576495 + -39?
-576534
In base 5, what is 12324230234 - -10?
12324230244
In base 11, what is 628 - -16064?
16691
In base 13, what is -3 + -2258860?
-2258863
In base 10, what is 68489 - -129?
68618
In base 15, what is -11bbad + -13?
-11bbc1
In base 16, what is -deaf4 - -10?
-deae4
In base 6, what is -100403111533 - -4?
-100403111525
In base 7, what is -4 - 1225562534?
-1225562541
In base 8, what is -5 + -572527270?
-572527275
In base 15, what is -13a41ee - 3?
-13a4202
In base 3, what is 2 - -11212222002120?
11212222002122
In base 7, what is 3 + -612126310?
-612126304
In base 9, what is 2 + 106077184?
106077186
In base 8, what is -40 + 450771?
450731
In base 8, what is -4 - 30551134?
-30551140
In base 2, what is -10011010111 + -100000110011101?
-100011001110100
In base 9, what is -123614 + -320?
-124034
In base 11, what is 2a8617 - 34?
2a8593
In base 15, what is 20ba48 + b?
20ba54
In base 12, what is -556218b8 + -1?
-556218b9
In base 12, what is -95 - -12512?
12439
In base 15, what is 8c6e0d - 5?
8c6e08
In base 7, what is -4000 + -433665?
-440665
In base 4, what is 132231303 - 13?
132231230
In base 5, what is -10031410300 - 2?
-10031410302
In base 8, what is -64 - -7145111?
7145025
In base 16, what is 15830b4 + -c?
15830a8
In base 15, what is -127ee4b + -3?
-127ee4e
In base 16, what is -587 - -6a?
-51d
In base 9, what is 252014 + 18?
252033
In base 15, what is -4 - -467702?
4676ed
In base 13, what is -1585 + 1bb34?
1a57c
In base 9, what is 4085 - -12780?
16875
In base 14, what is b040 - -227?
b267
In base 10, what is 25 - -11020?
11045
In base 5, what is -1033034000 - 4?
-1033034004
In base 3, what is 12021122210112 - 21?
12021122210021
In base 10, what is 244417 + -100?
244317
In base 6, what is -510520 + -33200?
-544120
In base 6, what is 3 - -21355420004?
21355420011
In base 4, what is -10 + -1321202322310?
-1321202322320
In base 14, what is -21b5da9 - 1?
-21b5daa
In base 5, what is 130431 + 12331021?
13012002
In base 9, what is 47721 - 14313?
33407
In base 6, what is 403411042120 + -3?
403411042113
In base 3, what is 11112222020 + 20010111?
11210002201
In base 13, what is -154 - 2b60b?
-2b762
In base 11, what is -81 + 1767060?
1766a8a
In base 6, what is 0 + -3040122320?
-3040122320
In base 5, what is -4022421423241 - 4?
-4022421423300
In base 7, what is -3016024 + -201?
-3016225
In base 16, what is -4 + -18d02a?
-18d02e
In base 8, what is 232 + 3107?
3341
In base 4, what is 2 + -210033121?
-210033113
In base 5, what is 130 + 441402330?
441403010
In base 8, what is 4166 - 50100?
-43712
In base 4, what is 30301 - 310001?
-213100
In base 15, what is 1dc2 + 8723?
a5e5
In base 15, what is 51434 - -e5?
51529
In base 3, what is -1 + 2111220022121212?
2111220022121211
In base 8, what is 3126674 - -165?
3127061
In base 4, what is -1020 - 10000032311?
-10000033331
In base 13, what is -3 - -3c428b66?
3c428b63
In base 4, what is -33113212112 + 3?
-33113212103
In base 9, what is 80032 - 6515?
72416
In base 11, what is 3 - -47782776?
47782779
In base 6, what is 10424412450 - -3?
10424412453
In base 3, what is -110010220 + 10221000?
-22012220
In base 7, what is 1132 + 4266140?
4300302
In base 5, what is -23344141 - -3241?
-23340400
In base 2, what is 100011100101110000 + 1000100?
100011100110110100
In base 7, what is 3 + -3511254?
-3511251
In base 16, what is -1e1ba + -4e?
-1e208
In base 12, what is -141280 - -b46?
-140336
In base 16, what is 7 + 1498c48?
1498c4f
In base 2, what is -11101 + 1011001101101110001011?
1011001101101101101110
In base 8, what is -1453 + -1603?
-3256
In base 15, what is e1322b7 - -1?
e1322b8
In base 4, what is -23 + -10021010201?
-10021010230
In base 10, what is -1 - 30602106?
-30602107
In base 3, what is 1001220 - -1010222101211?
1011000110201
In base 8, what is -46561616 - -3?
-46561613
In base 2, what is -101010 - -100011000111010001100?
100011000111001100010
In base 4, what is 20103220 + 1103?
20110323
In base 16, what is -145b6 + -a0?
-14656
In base 4, what is -130000321 - -201?
-130000120
In base 9, what is 1686833 - 22?
1686811
In base 8, what is 1 + 223366071?
223366072
In base 8, what is -2157755 + -20?
-2157775
In base 4, what is -2322200212301 - 2?
-2322200212303
In base 16, what is -15d73c + -11?
-15d74d
In base 16, what is 6 + -3d7ec?
-3d7e6
In base 12, what is 8 + -264358a?
-2643582
In base 8, what is -166030 - -25?
-166003
In base 16, what is 58a0 + 22a?
5aca
In base 14, what is 97336 - 9c?
97278
In base 8, what is -171161 - -221?
-170740
In base 8, what is 3213 - -23330?
26543
In base 3, what is 12012211111 + -21200222?
11221010112
In base 6, what is -222 - 113511?
-114133
In base 15, what is 4 + -4b216d?
-4b2169
In 